{"id":14,"date":"2025-06-03T14:23:31","date_gmt":"2025-06-03T12:23:31","guid":{"rendered":"https:\/\/gardenglass.hu\/?page_id=14"},"modified":"2025-06-23T20:27:52","modified_gmt":"2025-06-23T18:27:52","slug":"arajanlatkeres","status":"publish","type":"page","link":"https:\/\/gardenglass.hu\/?page_id=14","title":{"rendered":"\u00c1raj\u00e1nlatk\u00e9r\u00e9s"},"content":{"rendered":"\n<h3 class=\"wp-block-heading\">Aj\u00e1nlat elk\u00e9sz\u00edt\u00e9s\u00e9hez sz\u00fcks\u00e9ges adatok:<\/h3>\n\n\n<div class=\"wpforms-container wpforms-container-full wpforms-block wpforms-block-9f71a6a0-5716-4fd8-b50a-2db1ecbdb7bd wpforms-render-modern\" id=\"wpforms-17\"><form id=\"wpforms-form-17\" class=\"wpforms-validate wpforms-form wpforms-ajax-form\" data-formid=\"17\" method=\"post\" enctype=\"multipart\/form-data\" action=\"\/index.php?rest_route=%2Fwp%2Fv2%2Fpages%2F14\" data-token=\"a3f9059bacaada0d04e1b0a5b5ff79f5\" data-token-time=\"1779024706\"><noscript class=\"wpforms-error-noscript\">Please enable JavaScript in your browser to complete this form.<\/noscript><div class=\"wpforms-hidden\" id=\"wpforms-error-noscript\">Please enable JavaScript in your browser to complete this form.<\/div><div class=\"wpforms-field-container\"><div id=\"wpforms-17-field_1-container\" class=\"wpforms-field wpforms-field-name\" data-field-id=\"1\"><label class=\"wpforms-field-label\" for=\"wpforms-17-field_1\">N\u00e9v <span class=\"wpforms-required-label\" aria-hidden=\"true\">*<\/span><\/label><input type=\"text\" id=\"wpforms-17-field_1\" class=\"wpforms-field-medium wpforms-field-required\" name=\"wpforms[fields][1]\" aria-errormessage=\"wpforms-17-field_1-error\" required><\/div><div id=\"wpforms-17-field_8-container\" class=\"wpforms-field wpforms-field-email\" data-field-id=\"8\"><label class=\"wpforms-field-label\" for=\"wpforms-17-field_8\">Email <span class=\"wpforms-required-label\" aria-hidden=\"true\">*<\/span><\/label><input type=\"email\" id=\"wpforms-17-field_8\" class=\"wpforms-field-medium wpforms-field-required\" name=\"wpforms[fields][8]\" spellcheck=\"false\" aria-errormessage=\"wpforms-17-field_8-error\" required><\/div><div id=\"wpforms-17-field_18-container\" class=\"wpforms-field wpforms-field-number\" data-field-id=\"18\"><label class=\"wpforms-field-label\" for=\"wpforms-17-field_18\">Telefonsz\u00e1m <span class=\"wpforms-required-label\" aria-hidden=\"true\">*<\/span><\/label><input type=\"number\" id=\"wpforms-17-field_18\" class=\"wpforms-field-medium wpforms-field-required\" name=\"wpforms[fields][18]\" step=\"any\" aria-errormessage=\"wpforms-17-field_18-error\" required><\/div><div id=\"wpforms-17-field_4-container\" class=\"wpforms-field wpforms-field-radio wpforms-list-inline\" data-field-id=\"4\"><fieldset><legend class=\"wpforms-field-label\">Term\u00e9k <span class=\"wpforms-required-label\" aria-hidden=\"true\">*<\/span><\/legend><ul id=\"wpforms-17-field_4\" class=\"wpforms-field-required wpforms-icon-choices wpforms-icon-choices-default wpforms-icon-choices-large\" style=\"--wpforms-icon-choices-color: #066aab;\"><li class=\"choice-1 depth-1 wpforms-icon-choices-item\"><label class=\"wpforms-field-label-inline\" for=\"wpforms-17-field_4_1\">\n\t\t\t\t<span class=\"wpforms-icon-choices-icon\">\n\t\t\t\t\t<svg xmlns=\"http:\/\/www.w3.org\/2000\/svg\" width=\"80\" height=\"64px\" viewBox=\"0 0 576 512\"><!--! Font Awesome Free 6.4.0 by @fontawesome - https:\/\/fontawesome.com License - https:\/\/fontawesome.com\/license\/free (Icons: CC BY 4.0, Fonts: SIL OFL 1.1, Code: MIT License) Copyright 2023 Fonticons, Inc. --><path d=\"M575.8 255.5c0 18-15 32.1-32 32.1h-32l.7 160.2c0 2.7-.2 5.4-.5 8.1V472c0 22.1-17.9 40-40 40H456c-1.1 0-2.2 0-3.3-.1c-1.4 .1-2.8 .1-4.2 .1H416 392c-22.1 0-40-17.9-40-40V448 384c0-17.7-14.3-32-32-32H256c-17.7 0-32 14.3-32 32v64 24c0 22.1-17.9 40-40 40H160 128.1c-1.5 0-3-.1-4.5-.2c-1.2 .1-2.4 .2-3.6 .2H104c-22.1 0-40-17.9-40-40V360c0-.9 0-1.9 .1-2.8V287.6H32c-18 0-32-14-32-32.1c0-9 3-17 10-24L266.4 8c7-7 15-8 22-8s15 2 21 7L564.8 231.5c8 7 12 15 11 24z\"\/><\/svg>\n\t\t\t\t\t<span class=\"wpforms-icon-choices-icon-bg\"><\/span>\n\t\t\t\t<\/span>\n\t\t\t\t<input type=\"radio\" id=\"wpforms-17-field_4_1\" class=\"wpforms-screen-reader-element\" name=\"wpforms[fields][4]\" value=\"T\u00e9likert\" aria-errormessage=\"wpforms-17-field_4_1-error\" required >\n\t\t\t\t<span class=\"wpforms-icon-choices-label\">T\u00e9likert<\/span>\n\t\t\t<\/label><\/li><li class=\"choice-2 depth-1 wpforms-icon-choices-item\"><label class=\"wpforms-field-label-inline\" for=\"wpforms-17-field_4_2\">\n\t\t\t\t<span class=\"wpforms-icon-choices-icon\">\n\t\t\t\t\t<svg xmlns=\"http:\/\/www.w3.org\/2000\/svg\" width=\"80\" height=\"64px\" viewBox=\"0 0 640 512\"><!--! Font Awesome Free 6.4.0 by @fontawesome - https:\/\/fontawesome.com License - https:\/\/fontawesome.com\/license\/free (Icons: CC BY 4.0, Fonts: SIL OFL 1.1, Code: MIT License) Copyright 2023 Fonticons, Inc. --><path d=\"M335.5 4l288 160c15.4 8.6 21 28.1 12.4 43.5s-28.1 21-43.5 12.4L320 68.6 47.5 220c-15.4 8.6-34.9 3-43.5-12.4s-3-34.9 12.4-43.5L304.5 4c9.7-5.4 21.4-5.4 31.1 0zM320 160a40 40 0 1 1 0 80 40 40 0 1 1 0-80zM144 256a40 40 0 1 1 0 80 40 40 0 1 1 0-80zm312 40a40 40 0 1 1 80 0 40 40 0 1 1 -80 0zM226.9 491.4L200 441.5V480c0 17.7-14.3 32-32 32H120c-17.7 0-32-14.3-32-32V441.5L61.1 491.4c-6.3 11.7-20.8 16-32.5 9.8s-16-20.8-9.8-32.5l37.9-70.3c15.3-28.5 45.1-46.3 77.5-46.3h19.5c16.3 0 31.9 4.5 45.4 12.6l33.6-62.3c15.3-28.5 45.1-46.3 77.5-46.3h19.5c32.4 0 62.1 17.8 77.5 46.3l33.6 62.3c13.5-8.1 29.1-12.6 45.4-12.6h19.5c32.4 0 62.1 17.8 77.5 46.3l37.9 70.3c6.3 11.7 1.9 26.2-9.8 32.5s-26.2 1.9-32.5-9.8L552 441.5V480c0 17.7-14.3 32-32 32H472c-17.7 0-32-14.3-32-32V441.5l-26.9 49.9c-6.3 11.7-20.8 16-32.5 9.8s-16-20.8-9.8-32.5l36.3-67.5c-1.7-1.7-3.2-3.6-4.3-5.8L376 345.5V400c0 17.7-14.3 32-32 32H296c-17.7 0-32-14.3-32-32V345.5l-26.9 49.9c-1.2 2.2-2.6 4.1-4.3 5.8l36.3 67.5c6.3 11.7 1.9 26.2-9.8 32.5s-26.2 1.9-32.5-9.8z\"\/><\/svg>\n\t\t\t\t\t<span class=\"wpforms-icon-choices-icon-bg\"><\/span>\n\t\t\t\t<\/span>\n\t\t\t\t<input type=\"radio\" id=\"wpforms-17-field_4_2\" class=\"wpforms-screen-reader-element\" name=\"wpforms[fields][4]\" value=\"Csak Tet\u0151\" aria-errormessage=\"wpforms-17-field_4_2-error\" required >\n\t\t\t\t<span class=\"wpforms-icon-choices-label\">Csak Tet\u0151<\/span>\n\t\t\t<\/label><\/li><li class=\"choice-3 depth-1 wpforms-icon-choices-item\"><label class=\"wpforms-field-label-inline\" for=\"wpforms-17-field_4_3\">\n\t\t\t\t<span class=\"wpforms-icon-choices-icon\">\n\t\t\t\t\t<svg xmlns=\"http:\/\/www.w3.org\/2000\/svg\" width=\"80\" height=\"64px\" viewBox=\"0 0 512 512\"><!--! Font Awesome Free 6.4.0 by @fontawesome - https:\/\/fontawesome.com License - https:\/\/fontawesome.com\/license\/free (Icons: CC BY 4.0, Fonts: SIL OFL 1.1, Code: MIT License) Copyright 2023 Fonticons, Inc. --><path d=\"M.3 89.5C.1 91.6 0 93.8 0 96V224 416c0 35.3 28.7 64 64 64l384 0c35.3 0 64-28.7 64-64V224 96c0-35.3-28.7-64-64-64H64c-2.2 0-4.4 .1-6.5 .3c-9.2 .9-17.8 3.8-25.5 8.2C21.8 46.5 13.4 55.1 7.7 65.5c-3.9 7.3-6.5 15.4-7.4 24zM48 224H464l0 192c0 8.8-7.2 16-16 16L64 432c-8.8 0-16-7.2-16-16l0-192z\"\/><\/svg>\n\t\t\t\t\t<span class=\"wpforms-icon-choices-icon-bg\"><\/span>\n\t\t\t\t<\/span>\n\t\t\t\t<input type=\"radio\" id=\"wpforms-17-field_4_3\" class=\"wpforms-screen-reader-element\" name=\"wpforms[fields][4]\" value=\"Csak Oldalfal\" aria-errormessage=\"wpforms-17-field_4_3-error\" required >\n\t\t\t\t<span class=\"wpforms-icon-choices-label\">Csak Oldalfal<\/span>\n\t\t\t<\/label><\/li><li class=\"choice-4 depth-1 wpforms-icon-choices-item\"><label class=\"wpforms-field-label-inline\" for=\"wpforms-17-field_4_4\">\n\t\t\t\t<span class=\"wpforms-icon-choices-icon\">\n\t\t\t\t\t<svg xmlns=\"http:\/\/www.w3.org\/2000\/svg\" width=\"80\" height=\"64px\" viewBox=\"0 0 576 512\"><!--! Font Awesome Free 6.4.0 by @fontawesome - https:\/\/fontawesome.com License - https:\/\/fontawesome.com\/license\/free (Icons: CC BY 4.0, Fonts: SIL OFL 1.1, Code: MIT License) Copyright 2023 Fonticons, Inc. --><path d=\"M309.5 178.4L447.9 297.1c-1.6 .9-3.2 2-4.8 3c-18 12.4-40.1 20.3-59.2 20.3c-19.6 0-40.8-7.7-59.2-20.3c-22.1-15.5-51.6-15.5-73.7 0c-17.1 11.8-38 20.3-59.2 20.3c-10.1 0-21.1-2.2-31.9-6.2C163.1 193.2 262.2 96 384 96h64c17.7 0 32 14.3 32 32s-14.3 32-32 32H384c-26.9 0-52.3 6.6-74.5 18.4zM160 160A64 64 0 1 1 32 160a64 64 0 1 1 128 0zM306.5 325.9C329 341.4 356.5 352 384 352c26.9 0 55.4-10.8 77.4-26.1l0 0c11.9-8.5 28.1-7.8 39.2 1.7c14.4 11.9 32.5 21 50.6 25.2c17.2 4 27.9 21.2 23.9 38.4s-21.2 27.9-38.4 23.9c-24.5-5.7-44.9-16.5-58.2-25C449.5 405.7 417 416 384 416c-31.9 0-60.6-9.9-80.4-18.9c-5.8-2.7-11.1-5.3-15.6-7.7c-4.5 2.4-9.7 5.1-15.6 7.7c-19.8 9-48.5 18.9-80.4 18.9c-33 0-65.5-10.3-94.5-25.8c-13.4 8.4-33.7 19.3-58.2 25c-17.2 4-34.4-6.7-38.4-23.9s6.7-34.4 23.9-38.4c18.1-4.2 36.2-13.3 50.6-25.2c11.1-9.4 27.3-10.1 39.2-1.7l0 0C136.7 341.2 165.1 352 192 352c27.5 0 55-10.6 77.5-26.1c11.1-7.9 25.9-7.9 37 0z\"\/><\/svg>\n\t\t\t\t\t<span class=\"wpforms-icon-choices-icon-bg\"><\/span>\n\t\t\t\t<\/span>\n\t\t\t\t<input type=\"radio\" id=\"wpforms-17-field_4_4\" class=\"wpforms-screen-reader-element\" name=\"wpforms[fields][4]\" value=\"Medencefed\u00e9s\" aria-errormessage=\"wpforms-17-field_4_4-error\" required >\n\t\t\t\t<span class=\"wpforms-icon-choices-label\">Medencefed\u00e9s<\/span>\n\t\t\t<\/label><\/li><li class=\"choice-5 depth-1 wpforms-icon-choices-item\"><label class=\"wpforms-field-label-inline\" for=\"wpforms-17-field_4_5\">\n\t\t\t\t<span class=\"wpforms-icon-choices-icon\">\n\t\t\t\t\t<svg xmlns=\"http:\/\/www.w3.org\/2000\/svg\" width=\"80\" height=\"64px\" viewBox=\"0 0 320 512\"><!--! Font Awesome Free 6.4.0 by @fontawesome - https:\/\/fontawesome.com License - https:\/\/fontawesome.com\/license\/free (Icons: CC BY 4.0, Fonts: SIL OFL 1.1, Code: MIT License) Copyright 2023 Fonticons, Inc. --><path d=\"M80 160c0-35.3 28.7-64 64-64h32c35.3 0 64 28.7 64 64v3.6c0 21.8-11.1 42.1-29.4 53.8l-42.2 27.1c-25.2 16.2-40.4 44.1-40.4 74V320c0 17.7 14.3 32 32 32s32-14.3 32-32v-1.4c0-8.2 4.2-15.8 11-20.2l42.2-27.1c36.6-23.6 58.8-64.1 58.8-107.7V160c0-70.7-57.3-128-128-128H144C73.3 32 16 89.3 16 160c0 17.7 14.3 32 32 32s32-14.3 32-32zm80 320a40 40 0 1 0 0-80 40 40 0 1 0 0 80z\"\/><\/svg>\n\t\t\t\t\t<span class=\"wpforms-icon-choices-icon-bg\"><\/span>\n\t\t\t\t<\/span>\n\t\t\t\t<input type=\"radio\" id=\"wpforms-17-field_4_5\" class=\"wpforms-screen-reader-element\" name=\"wpforms[fields][4]\" value=\"Egy\u00e9b... (Le\u00edr\u00e1sban kifejtem)\" aria-errormessage=\"wpforms-17-field_4_5-error\" required >\n\t\t\t\t<span class=\"wpforms-icon-choices-label\">Egy\u00e9b&#8230; (Le\u00edr\u00e1sban kifejtem)<\/span>\n\t\t\t<\/label><\/li><\/ul><\/fieldset><\/div><div id=\"wpforms-17-field_17-container\" class=\"wpforms-field wpforms-field-number-slider\" data-field-id=\"17\"><label class=\"wpforms-field-label\" for=\"wpforms-17-field_17\">Oldalak sz\u00e1ma<\/label>\n<input\n\ttype=\"range\"\n\tid=\"wpforms-17-field_17\" class=\"wpforms-field-medium\" name=\"wpforms[fields][17]\" value=\"0\" aria-errormessage=\"wpforms-17-field_17-error\"\t\tmin=\"0\"\n\tmax=\"10\"\n\tstep=\"1\">\n\n<div class=\"wpforms-field-number-slider-hint\"\n\tdata-hint=\"Selected Value: {value}\">\n\tSelected Value: <b>0<\/b><\/div>\n<\/div><div id=\"wpforms-17-field_13-container\" class=\"wpforms-field wpforms-field-number\" data-field-id=\"13\"><label class=\"wpforms-field-label\" for=\"wpforms-17-field_13\">Hossz\u00fas\u00e1g<\/label><input type=\"number\" id=\"wpforms-17-field_13\" class=\"wpforms-field-medium\" name=\"wpforms[fields][13]\" step=\"any\" aria-errormessage=\"wpforms-17-field_13-error\" ><\/div><div id=\"wpforms-17-field_15-container\" class=\"wpforms-field wpforms-field-number\" data-field-id=\"15\"><label class=\"wpforms-field-label\" for=\"wpforms-17-field_15\">Sz\u00e9less\u00e9g<\/label><input type=\"number\" id=\"wpforms-17-field_15\" class=\"wpforms-field-medium\" name=\"wpforms[fields][15]\" step=\"any\" aria-errormessage=\"wpforms-17-field_15-error\" ><\/div><div id=\"wpforms-17-field_14-container\" class=\"wpforms-field wpforms-field-number\" data-field-id=\"14\"><label class=\"wpforms-field-label\" for=\"wpforms-17-field_14\">Magass\u00e1g<\/label><input type=\"number\" id=\"wpforms-17-field_14\" class=\"wpforms-field-medium\" name=\"wpforms[fields][14]\" step=\"any\" aria-errormessage=\"wpforms-17-field_14-error\" ><\/div><div id=\"wpforms-17-field_19-container\" class=\"wpforms-field wpforms-field-radio\" data-field-id=\"19\"><fieldset><legend class=\"wpforms-field-label\">Esed\u00e9kess\u00e9g<\/legend><ul id=\"wpforms-17-field_19\"><li class=\"choice-1 depth-1\"><input type=\"radio\" id=\"wpforms-17-field_19_1\" name=\"wpforms[fields][19]\" value=\"Azonnal\" aria-errormessage=\"wpforms-17-field_19_1-error\"  ><label class=\"wpforms-field-label-inline\" for=\"wpforms-17-field_19_1\">Azonnal<\/label><\/li><li class=\"choice-2 depth-1\"><input type=\"radio\" id=\"wpforms-17-field_19_2\" name=\"wpforms[fields][19]\" value=\"3 h\u00f3napon bel\u00fcl\" aria-errormessage=\"wpforms-17-field_19_2-error\"  ><label class=\"wpforms-field-label-inline\" for=\"wpforms-17-field_19_2\">3 h\u00f3napon bel\u00fcl<\/label><\/li><li class=\"choice-3 depth-1\"><input type=\"radio\" id=\"wpforms-17-field_19_3\" name=\"wpforms[fields][19]\" value=\"3 h\u00f3napn\u00e1l k\u00e9s\u0151bb\" aria-errormessage=\"wpforms-17-field_19_3-error\"  ><label class=\"wpforms-field-label-inline\" for=\"wpforms-17-field_19_3\">3 h\u00f3napn\u00e1l k\u00e9s\u0151bb<\/label><\/li><\/ul><\/fieldset><\/div><div id=\"wpforms-17-field_7-container\" class=\"wpforms-field wpforms-field-textarea\" data-field-id=\"7\"><label class=\"wpforms-field-label\" for=\"wpforms-17-field_7\">Le\u00edr\u00e1s<\/label><textarea id=\"wpforms-17-field_7\" class=\"wpforms-field-medium\" name=\"wpforms[fields][7]\" aria-errormessage=\"wpforms-17-field_7-error\" ><\/textarea><\/div><div id=\"wpforms-17-field_20-container\" class=\"wpforms-field wpforms-field-payment-checkbox\" data-field-id=\"20\"><fieldset><legend class=\"wpforms-field-label\"> <span class=\"wpforms-required-label\" aria-hidden=\"true\">*<\/span><\/legend><ul id=\"wpforms-17-field_20\" class=\"wpforms-field-required\"><li class=\"choice-1\"><input type=\"checkbox\" id=\"wpforms-17-field_20_1\" class=\"wpforms-payment-price\" data-amount=\"10.00\" name=\"wpforms[fields][20][]\" value=\"1\" aria-errormessage=\"wpforms-17-field_20_1-error\" required ><label class=\"wpforms-field-label-inline\" for=\"wpforms-17-field_20_1\">Elfogadom az adatkezel\u00e9si meg\u00e1llapod\u00e1sban foglaltakat<\/label><\/li><\/ul><\/fieldset><\/div><\/div><!-- .wpforms-field-container --><div class=\"wpforms-submit-container\" ><input type=\"hidden\" name=\"wpforms[id]\" value=\"17\"><input type=\"hidden\" name=\"page_title\" value=\"\"><input type=\"hidden\" name=\"page_url\" value=\"https:\/\/gardenglass.hu\/index.php?rest_route=\/wp\/v2\/pages\/14\"><input type=\"hidden\" name=\"url_referer\" value=\"\"><button type=\"submit\" name=\"wpforms[submit]\" id=\"wpforms-submit-17\" class=\"wpforms-submit\" data-alt-text=\"K\u00fcld\u00e9s...\" data-submit-text=\"K\u00fcld\u00e9s\" aria-live=\"assertive\" value=\"wpforms-submit\">K\u00fcld\u00e9s<\/button><img loading=\"lazy\" decoding=\"async\" src=\"https:\/\/gardenglass.hu\/wp-content\/plugins\/wpforms-lite\/assets\/images\/submit-spin.svg\" class=\"wpforms-submit-spinner\" style=\"display: none;\" width=\"26\" height=\"26\" alt=\"Loading\"><\/div><\/form><\/div>  <!-- .wpforms-container -->\n\n\n<p><\/p>\n","protected":false},"excerpt":{"rendered":"<p>Aj\u00e1nlat elk\u00e9sz\u00edt\u00e9s\u00e9hez sz\u00fcks\u00e9ges adatok:<\/p>\n","protected":false},"author":1,"featured_media":81,"parent":0,"menu_order":0,"comment_status":"closed","ping_status":"closed","template":"page-header-footer-only","meta":{"_uag_custom_page_level_css":"","footnotes":""},"class_list":["post-14","page","type-page","status-publish","has-post-thumbnail","hentry"],"uagb_featured_image_src":{"full":["https:\/\/gardenglass.hu\/wp-content\/uploads\/2025\/06\/pexels-curtis-adams-1694007-10486241-scaled.jpg",2560,1708,false],"thumbnail":["https:\/\/gardenglass.hu\/wp-content\/uploads\/2025\/06\/pexels-curtis-adams-1694007-10486241-150x150.jpg",150,150,true],"medium":["https:\/\/gardenglass.hu\/wp-content\/uploads\/2025\/06\/pexels-curtis-adams-1694007-10486241-300x200.jpg",300,200,true],"medium_large":["https:\/\/gardenglass.hu\/wp-content\/uploads\/2025\/06\/pexels-curtis-adams-1694007-10486241-768x512.jpg",768,512,true],"large":["https:\/\/gardenglass.hu\/wp-content\/uploads\/2025\/06\/pexels-curtis-adams-1694007-10486241-1024x683.jpg",1024,683,true],"1536x1536":["https:\/\/gardenglass.hu\/wp-content\/uploads\/2025\/06\/pexels-curtis-adams-1694007-10486241-1536x1025.jpg",1536,1025,true],"2048x2048":["https:\/\/gardenglass.hu\/wp-content\/uploads\/2025\/06\/pexels-curtis-adams-1694007-10486241-2048x1366.jpg",2048,1366,true],"post-thumbnail":["https:\/\/gardenglass.hu\/wp-content\/uploads\/2025\/06\/pexels-curtis-adams-1694007-10486241-1170x780.jpg",1170,780,true]},"uagb_author_info":{"display_name":"GardenGlass","author_link":"https:\/\/gardenglass.hu\/?author=1"},"uagb_comment_info":0,"uagb_excerpt":"Aj\u00e1nlat elk\u00e9sz\u00edt\u00e9s\u00e9hez sz\u00fcks\u00e9ges adatok:","_links":{"self":[{"href":"https:\/\/gardenglass.hu\/index.php?rest_route=\/wp\/v2\/pages\/14","targetHints":{"allow":["GET"]}}],"collection":[{"href":"https:\/\/gardenglass.hu\/index.php?rest_route=\/wp\/v2\/pages"}],"about":[{"href":"https:\/\/gardenglass.hu\/index.php?rest_route=\/wp\/v2\/types\/page"}],"author":[{"embeddable":true,"href":"https:\/\/gardenglass.hu\/index.php?rest_route=\/wp\/v2\/users\/1"}],"replies":[{"embeddable":true,"href":"https:\/\/gardenglass.hu\/index.php?rest_route=%2Fwp%2Fv2%2Fcomments&post=14"}],"version-history":[{"count":7,"href":"https:\/\/gardenglass.hu\/index.php?rest_route=\/wp\/v2\/pages\/14\/revisions"}],"predecessor-version":[{"id":200,"href":"https:\/\/gardenglass.hu\/index.php?rest_route=\/wp\/v2\/pages\/14\/revisions\/200"}],"wp:featuredmedia":[{"embeddable":true,"href":"https:\/\/gardenglass.hu\/index.php?rest_route=\/wp\/v2\/media\/81"}],"wp:attachment":[{"href":"https:\/\/gardenglass.hu\/index.php?rest_route=%2Fwp%2Fv2%2Fmedia&parent=14"}],"curies":[{"name":"wp","href":"https:\/\/api.w.org\/{rel}","templated":true}]}}